 prime factors of 1089270864?
2, 3, 11, 293, 2347
List the prime factors of 1230577575.
3, 5, 107, 153343
What are the prime factors of 213609129?
3, 61, 107, 10909
What are the prime factors of 6813112611?
3, 24971, 90947
List the prime factors of 171749401.
823, 208687
What are the prime factors of 1928967472?
2, 37, 3258391
List the prime factors of 94286146.
2, 347, 135859
What are the prime factors of 137978103?
3, 17, 73, 37061
What are the prime factors of 60106821?
3, 29, 523, 1321
List the prime factors of 1437713339.
41, 97, 361507
What are the prime factors of 35086119?
3, 41, 109, 2617
What are the prime factors of 1311573435?
3, 5, 87438229
What are the prime factors of 1756385440?
2, 5, 877, 12517
List the prime factors of 79256396.
2, 43, 460793
What are the prime factors of 6115301?
71, 86131
What are the prime factors of 610282907?
13, 19, 2470781
What are the prime factors of 163813813?
163813813
List the prime factors of 325185933.
3, 37, 2929603
List the prime factors of 57378245.
5, 1237, 9277
List the prime factors of 3185190.
2, 3, 5, 47, 251
List the prime factors of 3497244715.
5, 12143, 57601
List the prime factors of 183639875.
5, 163, 9013
List the prime factors of 604931355.
3, 5, 7, 640139
What are the prime factors of 6742950?
2, 3, 5, 44953
List the prime factors of 39467543.
41, 962623
What are the prime factors of 1754710669?
113, 15528413
List the prime factors of 18533381.
31, 739, 809
What are the prime factors of 240506067?
3, 80168689
What are the prime factors of 51791865?
3, 5, 53, 65147
List the prime factors of 799975070.
2, 5, 79997507
What are the prime factors of 736155538?
2, 368077769
What are the prime factors of 31056568?
2, 3882071
What are the prime factors of 39089799?
3, 7, 137, 647
List the prime factors of 335602585.
5, 1867, 35951
What are the prime factors of 203643264?
2, 3, 11, 37, 1303
What are the prime factors of 765803808?
2, 3, 7, 11, 1279
What are the prime factors of 1864936414?
2, 11, 17, 41, 121621
What are the prime factors of 3728778439?
16553, 225263
List the prime factors of 342756865.
5, 11, 19, 61, 283
List the prime factors of 58765714.
2, 7, 1741, 2411
What are the prime factors of 269213043?
3, 11, 71, 114901
List the prime factors of 887967590.
2, 5, 1621, 54779
What are the prime factors of 28281490?
2, 5, 23, 122963
List the prime factors of 320105075.
5, 2753, 4651
What are the prime factors of 922165?
5, 17, 19, 571
What are the prime factors of 74471904?
2, 3, 13, 19891
List the prime factors of 654466753.
654466753
What are the prime factors of 2165830365?
3, 5, 101, 1429591
List the prime factors of 9322105.
5, 13, 173, 829
List the prime factors of 1965312839.
7, 3863, 72679
What are the prime factors of 235802219?
29, 8131111
List the prime factors of 7024794.
2, 3, 7, 19, 8803
What are the prime factors of 2984876722?
2, 1492438361
List the prime factors of 64892265.
3, 5, 37, 116923
List the prime factors of 79310580.
2, 3, 5, 67, 109, 181
List the prime factors of 114983245.
5, 13, 1768973
What are the prime factors of 13722093?
3, 7, 11, 19801
What are the prime factors of 3279188592?
2, 3, 4073, 5591
What are the prime factors of 59037897?
3, 4099, 4801
List the prime factors of 116800873.
7, 16685839
List the prime factors of 93056936.
2, 7, 1661731
What are the prime factors of 27025710?
2, 3, 5, 733, 1229
List the prime factors of 203650766.
2, 11, 131, 70663
What are the prime factors of 1488614370?
2, 3, 5, 29, 1711051
What are the prime factors of 60397262?
2, 293, 103067
List the prime factors of 585170953.
2351, 248903
List the prime factors of 1137690842.
2, 568845421
List the prime factors of 4416104375.
5, 7065767
List the prime factors of 354647585.
5, 70929517
What are the prime factors of 1476477494?
2, 738238747
List the prime factors of 49100565.
3, 5, 3273371
List the prime factors of 647118216.
2, 3, 8987753
What are the prime factors of 35475980?
2, 5, 1773799
What are the prime factors of 103011723?
3, 3815249
List the prime factors of 5668307120.
2, 5, 7, 131, 77267
What are the prime factors of 1449358108?
2, 11, 32939957
List the prime factors of 514591463.
18307, 28109
List the prime factors of 1392365802.
2, 3, 232060967
List the prime factors of 55249218.
2, 3, 17, 71, 2543
What are the prime factors of 1492224662?
2, 193, 3865867
List the prime factors of 50692042.
2, 25346021
List the prime factors of 1178907651.
3, 43, 3046273
List the prime factors of 120189076.
2, 7, 23, 186629
List the prime factors of 19880157.
3, 11, 17, 35437
What are the prime factors of 402706354?
2, 29, 6943213
What are the prime factors of 67214468?
2, 509, 33013
What are the prime factors of 36946428?
2, 3, 1721, 1789
What are the prime factors of 17953629?
3, 5984543
List the prime factors of 247594116.
2, 3, 7, 11, 267959
What are the prime factors of 2967087554?
2, 17, 87267281
List the prime factors of 132176706.
2, 3, 233, 94547
What are the prime factors of 446076061?
3511, 127051
List the prime factors of 101767443.
3, 33922481
List the prime factors of 120230511.
3, 17, 257, 9173
What are the prime factors of 3172827816?
2, 3, 3907, 11279
What are the prime factors of 168452474?
2, 29, 2904353
List the prime factors of 526404621.
3, 283, 620029
List the prime factors of 259810401.
3, 823, 105229
List the prime factors of 536226449.
11, 48747859
What are the prime factors of 46992813?
3, 7, 319679
List the prime factors of 80578662.
2, 3, 13429777
List the prime factors of 1348286198.
2, 7, 96306157
What are the prime factors of 2668787399?
419, 1721, 3701
List the prime factors of 2058827946.
2, 3, 7, 2423, 20231
What are the prime factors of 44257697?
11, 389, 10343
List the prime factors of 743440300.
2, 5, 277, 26839
List the prime factors of 90749647.
90749647
What are the prime factors of 409725402?
2, 3, 68287567
What are the prime factors of 1642707831?
3, 73, 7500949
What are the prime factors of 606383015?
5, 7, 2179, 7951
List the prime factors of 1288057988.
2, 7, 46002071
List the prime factors of 641350819.
641350819
What are the prime factors of 1278743737?
3529, 362353
List the prime factors of 60318246.
2, 3, 701, 14341
What are the prime factors of 598108738?
2, 41, 877, 8317
What are the prime factors of 322697986?
2, 13, 12411461
What are the prime factors of 6639028?
2, 11, 29, 43
What are the prime factors of 1021133724?
2, 3, 13, 6545729
List the prime factors of 335208271.
37, 9059683
What are the prime factors of 30366071?
5197, 5843
What are the prime factors of 1673605253?
19, 88084487
What are the prime factors of 16204693?
16204693
What are the prime factors of 3068300047?
2503, 1225849
What are the prime factors of 7511258128?
2, 11, 71, 601093
List the prime factors of 147497607.
3, 16388623
List the prime factors of 48088093.
73, 443, 1487
List the prime factors of 2359475461.
7, 19, 1031, 17207
List the prime factors of 2104247468.
2, 2153, 244339
What are the prime factors of 1155868491?
3, 281, 1371137
What are the prime factors of 346714661?
359, 965779
What are the prime factors of 44916466?
2, 7, 3208319
What are the prime factors of 184967992?
2, 11, 2101909
What are the prime factors of 22694145?
3, 5, 1512943
List the prime factors of 64796508.
2, 3, 7, 389, 661
List the prime factors of 342281228.
2, 37, 2312711
What are the prime factors of 24737672?
2, 3092209
What are the prime factors of 116444047?
71, 1640057
What are the prime factors of 33053362?
2, 619, 26699
List the prime factors of 1720218.
2, 3, 286703
What are the prime factors of 382158334?
2, 17, 11239951
What are the prime factors of 47058682?
2, 11, 31, 69001
List the prime factors of 711556147.
67, 10620241
What are the prime factors of 66782963?
13, 653, 7867
What are the prime factors of 52399681?
23, 41, 181, 307
What are the prime factors of 292351179?
3, 431, 226103
List the prime factors of 263868077.
11, 173, 313, 443
What are the prime factors of 774022814?
2, 421, 919267
What are the prime factors of 6868870221?
3, 71, 383, 84199
List the prime factors of 105514947.
3, 107, 36523
What are the prime factors of 2333964304?
2, 7, 20838967
List the prime factors of 339346706.
2, 169673353
List the prime factors of 538524